what is 2 - -100221000?
100221002
In base 9, what is -1365 - 3?
-1368
In base 4, what is -301 + -232?
-1133
In base 4, what is -10322 - -11?
-10311
In base 12, what is -143 - 3?
-146
In base 2, what is -101 - 11000001?
-11000110
In base 6, what is -11 - -551?
540
In base 11, what is 6 - -10?
16
In base 11, what is -3 + -4a7?
-4aa
In base 14, what is -2 + 93?
91
In base 11, what is -a431 - 4?
-a435
In base 12, what is 5 + ba1?
ba6
In base 15, what is 1 - e93?
-e92
In base 14, what is -5 - 291?
-296
In base 12, what is 10709 - -5?
10712
In base 4, what is -2 + 20320?
20312
In base 11, what is -371 + 4?
-368
In base 6, what is -3153 - -12?
-3141
In base 3, what is 1121111 - 0?
1121111
In base 16, what is 1 - -2de?
2df
In base 15, what is 31a - -9?
324
In base 9, what is 44 - 3?
41
In base 4, what is -102 + 310?
202
In base 5, what is 40 + 131?
221
In base 2, what is -100001111 + -101?
-100010100
In base 7, what is 664 + -4?
660
In base 8, what is 1 + -2770?
-2767
In base 15, what is 28 - -6?
2e
In base 15, what is -2 - -13a?
138
In base 13, what is 1a4c + 5?
1a54
In base 12, what is 14 + 23?
37
In base 16, what is -4 + -2e9?
-2ed
In base 16, what is 2 - 231?
-22f
In base 7, what is 0 + 2513?
2513
In base 15, what is -3 + 22?
1e
In base 12, what is -2 + -1961?
-1963
In base 13, what is -3ac + 4?
-3a8
In base 11, what is -6a48 - 0?
-6a48
In base 16, what is 7 + 50?
57
In base 4, what is -1 - 3011?
-3012
In base 7, what is 463 + 3?
466
In base 12, what is 3 + 7?
a
In base 8, what is -43 - 460?
-523
In base 14, what is 5 + 98?
9d
In base 7, what is 6 - 2?
4
In base 3, what is -10 + 210100?
210020
In base 4, what is -3113 - -10?
-3103
In base 15, what is -4 + -65?
-69
In base 2, what is -11001101 + 0?
-11001101
In base 9, what is 5 - 250?
-244
In base 10, what is 4 + 21?
25
In base 3, what is -10020 + -101?
-10121
In base 14, what is 146 - -16?
15c
In base 8, what is 2 + -14?
-12
In base 2, what is -11010 - 1011?
-100101
In base 7, what is 51 - -5?
56
In base 2, what is -1000 + -10110?
-11110
In base 2, what is 11 - 10100?
-10001
In base 6, what is 0 - -124?
124
In base 5, what is 4 + -1404?
-1400
In base 8, what is -3 + -14471?
-14474
In base 2, what is 1110 + 1111?
11101
In base 12, what is 4 + -42?
-3a
In base 3, what is 1 - -2222100?
2222101
In base 14, what is -3d + 0?
-3d
In base 10, what is 9574 - -3?
9577
In base 6, what is -12425 - 4?
-12433
In base 15, what is -3 + -b4b?
-b4e
In base 2, what is 10100 - 11100000?
-11001100
In base 4, what is 221 - -2?
223
In base 10, what is -2 + -2842?
-2844
In base 2, what is -100001011 + -10?
-100001101
In base 15, what is 5 - 5?
0
In base 7, what is 3 - 116?
-113
In base 12, what is -109 - 114?
-221
In base 3, what is 120 - 121201?
-121011
In base 14, what is d0 - 2?
cc
In base 7, what is 103 - -322?
425
In base 8, what is 12 + 1?
13
In base 2, what is -101111110011 + 101?
-101111101110
In base 16, what is -8de + -5?
-8e3
In base 7, what is 3 - 1144?
-1141
In base 4, what is 23323 + -11?
23312
In base 12, what is -4 + -78?
-80
In base 14, what is 9062 - 5?
905b
In base 7, what is 255 - -4?
262
In base 9, what is -2 - -61?
58
In base 16, what is 5 - 2c?
-27
In base 11, what is 2 - 7?
-5
In base 10, what is 7 + -2561?
-2554
In base 4, what is -23031 + 3?
-23022
In base 5, what is -313 - -10?
-303
In base 5, what is -1121 - 4?
-1130
In base 8, what is 2 + 13?
15
In base 11, what is 4 - -21?
25
In base 10, what is 5 - -2?
7
In base 13, what is -78 - -4?
-74
In base 9, what is 18068 - 4?
18064
In base 4, what is 2 - -2102?
2110
In base 11, what is -29028 + -1?
-29029
In base 12, what is 15 - -2?
17
In base 16, what is 1 + -d7?
-d6
In base 11, what is 3a - 2?
38
In base 14, what is 25 - 8?
1b
In base 9, what is 5 + -16?
-11
In base 13, what is -31 - -81?
50
In base 4, what is 32332 + -10?
32322
In base 9, what is -3 + -53?
-56
In base 3, what is -12 + 10020122?
10020110
In base 5, what is -1313323 - 1?
-1313324
In base 6, what is 11 + 120?
131
In base 15, what is -22c + 5?
-227
In base 10, what is 28 - 158?
-130
In base 3, what is 210011 + -10?
210001
In base 4, what is -31 - 1?
-32
In base 12, what is -778 + 2?
-776
In base 11, what is 0 - 27a?
-27a
In base 10, what is 5 + 10?
15
In base 13, what is -4788 + 3?
-4785
In base 10, what is -1095 + -13?
-1108
In base 13, what is 1 + bb?
bc
In base 4, what is 1323 + 10?
1333
In base 15, what is -434 + -2?
-436
In base 8, what is -1157 + 3?
-1154
In base 14, what is -59 - -9?
-50
In base 10, what is 211 + 4?
215
In base 6, what is -2 + -255?
-301
In base 5, what is 3 + -210?
-202
In base 7, what is 13 - -10?
23
In base 10, what is -3 + 695?
692
In base 8, what is 102 + 4?
106
In base 15, what is -4 + -24?
-28
In base 4, what is 11 - -2101?
2112
In base 3, what is -2 + 1201?
1122
In base 6, what is -42 + -1055?
-1141
In base 10, what is 24 + 51?
75
In base 3, what is -12 - 20212022?
-20212111
In base 15, what is 11 - -1b2?
1c3
In base 6, what is 4 + -54?
-50
In base 2, what is -101010 - -110?
-100100
In base 16, what is -1 - -b5?
b4
In base 6, what is -22 - 0?
-22
In base 9, what is 12 - 34?
-22
In base 3, what is -1102121 + 0?
-1102121
In base 6, what is -233 - 202?
-435
In base 9, what is 27 - -417?
445
In base 16, what is -1c + -2?
-1e
In base 13, what is -203 - 9?
-20c
In base 8, what is -12 + 67?
55
In base 8, what is -20 + 1?
-17
In base 2, what is 100 + -100011011?
-100010111
In base 6, what is -2 + -125?
-131
In base 12, what is 237 - a?
229
In base 14, what is a8 - -2?
aa
In base 16, what is -7 - f?
-16
In base 16, what is 1a + -1?
19
In base 10, what is -13 + 5?
-8
In base 16, what is -5 + -28?
-2d
In base 11, what is 37 - a?
28
In base 12, what is 9 + 110a?
1117
In base 16, what is 40 + -2?
3e
In base 7, what is -5125 - -1?
-5124
In base 12, what is 4 + 82?
86
In base 2, what is 1000001000 - -101?
1000001101
In base 10, what is -16 + -14?
-30
In base 8, what is 30772 - -3?
30775
In base 16, what is 0 + 140?
140
In base 16, what is -14c - 0?
-14c
In base 8, what is 524 - 1?
523
In base 11, what is -68 + 5?
-63
In base 8, what is -63 - -4?
-57
In base 11, what is 13 - -7?
1a
In base 5, what is -40 + 241?
201
In base 7, what is 106 - -3?
112
In base 13, what is -21 - 7?
-28
In base 3, what is 10200110 - 12?
10200021
In base 5, what is -10 - 123033?
-123043
In base 12, what is -134 + -3?
-137
In base 7, what is 136 + 3?
142
In base 10, what is -14 + -5?
-19
In base 6, what is -15 - 512?
-531
In base 14, what is -1c + c?
-10
In base 4, what is -1221 + 2?
-1213
In base 16, what is 24 + -1?
23
In base 2, what is 1 - 10011011011?
-10011011010
In base 3, what is 201112 + -11?
201101
In base 3, what is 100012 - 0?
100012
In base 4, what is -3 - 130?
-133
In base 13, what is -6 + -39c?
-3a5
In base 14, what is 1 - -675?
676
In base 16, what is -1 + 8b6?
8b5
In base 2, what is -10 - -1100110?
1100100
In base 8, what is 3 - -13?
16
In base 13, what is -1 + -36?
-37
In base 2, what is 1 + -10100?
-10011
In base 9, what is 217 - 2?
215
In base 6, what is 2040 + 1?
2041
In base 14, what is -cd + -a?
-d9
In base 16, what is -6d + 4e?
-1f
In base 6, what is -112 + -1?
-113
In base 2, what is 101 - -100?
1001
In base 11, what is -3 + -315?
-318
In base 14, what is -b3 - 1?
-b4
In base 15, what is 6 - 3b?
-35
In base 4, what is 3 + 10101?
10110
In base 8, what is 7 + -47?
-40
In base 12, what is -28 - 4b?
-77
In base 15, what is c10 - 2?
c0d
In base 12, what is -4 - 134?
-138
In base 12, what is 9 + -5a?
-51
In base 2, what is 1010111100100 + 10?
1010111100110
In base 14, what is 1 + -1330?
-132d
In base 10, what is 13 - 7?
6
In base 12, what is 3 - 43?
-40
In base 12, what is 0 + -b2a?
-b2a
In base 6, what is 124 - -12?
140
In base 14, what is 26 - -3?
29
In base 13, what is b9 + -1?
b8
In base 15, what is 3 - -19?
1c
In base 11, what is 99 + 25?
113
In base 2, what is 10 - -111011001?
111011011
In base 7, what is 6 - 15?
-6
In base 11, what is -21a21 - -2?
-21a1a
In base 7, what is 514 - -2?
516
In base 7, what is -400 - 2?
-402
In base 11, what is 9146 - 1?
9145
In base 15, what is 3150 + 3?
3153
In base 13, what is -3 - -bb?
b8
In base 5, what is 2402 - 13?
2334
In base 14, what is 41 + 5?
46
In base 13, what is 38 - -5?
40
In base 9, what is -137 + 4?
-133
In base 3,